{"id":3231,"date":"2026-04-13T11:35:16","date_gmt":"2026-04-13T11:35:16","guid":{"rendered":"https:\/\/cca.international\/?post_type=project&#038;p=3231"},"modified":"2026-04-29T08:51:05","modified_gmt":"2026-04-29T08:51:05","slug":"museumsfuehrung","status":"publish","type":"project","link":"https:\/\/cca.international\/de\/project\/museumsfuehrung","title":{"rendered":"Museumsfuehrung"},"content":{"rendered":"<p>[et_pb_section fb_built=&#8220;1&#8243; _builder_version=&#8220;4.27.2&#8243; _module_preset=&#8220;default&#8220; background_color=&#8220;#FBFBF3&#8243; background_color_tablet=&#8220;#161616&#8243; background_last_edited=&#8220;on|tablet&#8220; global_colors_info=&#8220;{}&#8220;][et_pb_row _builder_version=&#8220;4.25.1&#8243; _module_preset=&#8220;default&#8220; width=&#8220;95%&#8220; width_tablet=&#8220;95%&#8220; width_phone=&#8220;95%&#8220; width_last_edited=&#8220;on|phone&#8220; max_width=&#8220;95%&#8220; global_colors_info=&#8220;{}&#8220;][et_pb_column type=&#8220;4_4&#8243; _builder_version=&#8220;4.25.1&#8243; _module_preset=&#8220;default&#8220; global_colors_info=&#8220;{}&#8220;][et_pb_text _builder_version=&#8220;4.27.4&#8243; _module_preset=&#8220;default&#8220; header_font=&#8220;|||on|||||&#8220; header_text_color=&#8220;#161616&#8243; header_text_color_tablet=&#8220;#FBFBF3&#8243; header_text_color_phone=&#8220;#FBFBF3&#8243; header_text_color_last_edited=&#8220;on|desktop&#8220; global_colors_info=&#8220;{}&#8220;]<\/p>\n<h1><b>Museumsf\u00fchrung: KUNST UND DIE WELT DA DRAUSSEN<\/b><\/h1>\n<p>[\/et_pb_text][\/et_pb_column][\/et_pb_row][et_pb_row column_structure=&#8220;2_5,3_5&#8243; _builder_version=&#8220;4.25.1&#8243; _module_preset=&#8220;default&#8220; width=&#8220;95%&#8220; width_tablet=&#8220;95%&#8220; width_phone=&#8220;95%&#8220; width_last_edited=&#8220;on|phone&#8220; max_width=&#8220;95%&#8220; global_colors_info=&#8220;{}&#8220;][et_pb_column type=&#8220;2_5&#8243; _builder_version=&#8220;4.25.1&#8243; _module_preset=&#8220;default&#8220; custom_padding=&#8220;10px||||false|false&#8220; border_width_top=&#8220;1px&#8220; global_colors_info=&#8220;{}&#8220;][et_pb_button button_url=&#8220;https:\/\/bzb-bremen.de\/programm\/deichstadt-1\/&#8220; url_new_window=&#8220;on&#8220; button_text=&#8220;Weblink Kunsthalle Mannheim&#8220; button_alignment=&#8220;left&#8220; _builder_version=&#8220;4.27.6&#8243; _module_preset=&#8220;default&#8220; custom_button=&#8220;on&#8220; button_text_size=&#8220;1.5em&#8220; button_text_color=&#8220;#3A3A3A&#8220; button_border_width=&#8220;0px&#8220; button_font=&#8220;||||on||||&#8220; button_icon=&#8220;&#x26;||divi||400&#8243; button_icon_placement=&#8220;left&#8220; custom_margin=&#8220;||2px||false|false&#8220; custom_padding=&#8220;||||false|false&#8220; button_text_size_tablet=&#8220;1.5em&#8220; button_text_size_phone=&#8220;1em&#8220; button_text_size_last_edited=&#8220;on|desktop&#8220; button_text_color_tablet=&#8220;#FBFBF3&#8243; button_text_color_phone=&#8220;#FBFBF3&#8243; button_text_color_last_edited=&#8220;on|desktop&#8220; global_colors_info=&#8220;{}&#8220; button_bg_color__hover_enabled=&#8220;on|hover&#8220; button_bg_color__hover=&#8220;RGBA(255,255,255,0)&#8220; button_bg_enable_color__hover=&#8220;on&#8220;][\/et_pb_button][\/et_pb_column][et_pb_column type=&#8220;3_5&#8243; _builder_version=&#8220;4.25.1&#8243; _module_preset=&#8220;default&#8220; custom_padding=&#8220;10px||||false|false&#8220; border_width_top=&#8220;1px&#8220; global_colors_info=&#8220;{}&#8220;][et_pb_text _builder_version=&#8220;4.27.2&#8243; _module_preset=&#8220;default&#8220; text_text_color=&#8220;#161616&#8243; text_font_size=&#8220;1em&#8220; text_line_height=&#8220;1.6em&#8220; text_text_color_tablet=&#8220;#FBFBF3&#8243; text_text_color_phone=&#8220;#FBFBF3&#8243; text_text_color_last_edited=&#8220;on|desktop&#8220; global_colors_info=&#8220;{}&#8220;]<\/p>\n<p><span style=\"font-weight: 400;\">Das Verh\u00e4ltnis zwischen Mensch und Umwelt und der Wandel der Natur haben die K\u00fcnste schon immer inspiriert. Museen sind die Orte, an denen dieser imense Erfahrungsschatz aufbewahrt und gepflegt wird \u2013 offen und zug\u00e4nglich f\u00fcr alle. Kunst vermittelt ein Gef\u00fchl daf\u00fcr, was es bedeutet, \u00f6kologisch zu leben, und die Kunstwerke aus verschiedenen Epochen zeigen uns, wie sich Menschen auf die Natur eingestellt und mit ihr zu leben gelernt haben.\u00a0<\/span><\/p>\n<p><span style=\"font-weight: 400;\">Mit unseren unterhaltsamen und leicht zug\u00e4nglichen Museumstouren \u00f6ffnen wir diesen Wissensschatz und zeigen neue, oft \u00fcberraschende Wege auf, sich den Krisen unserer Zeit zu n\u00e4hern. Inspirierend und informativ f\u00fcr \u00d6kologieexpert*innen ebenso wie f\u00fcr Laien und Kunstliebhaber*innen bieten unsere F\u00fchrungen einen neuen, emotionalen Ansatz f\u00fcr Wissenschafts- und Klimakommunikation. Aber auch f\u00fcr Kunstp\u00e4dagog*innen, die sich aus der Black Box wagen, bietet die Tour wertvolle Ans\u00e4tze, Ethik und \u00c4sthetik, Politik und Kunst zu verbinden.<\/span><\/p>\n<p><span style=\"font-weight: 400;\">Die erste Tour haben wir f\u00fcr die<\/span><a href=\"https:\/\/kuma.art\/de\"> <span style=\"font-weight: 400;\">Kunsthalle Mannheim<\/span><\/a><span style=\"font-weight: 400;\"> 2026 in Zusammenarbeit mit der<\/span><a href=\"https:\/\/www.klima-ma.de\"> <span style=\"font-weight: 400;\">Klimaschutzagentur Mannheim entwickelt<\/span><\/a><span style=\"font-weight: 400;\">, mit einem Fokus auf die Kunst der Moderne. Die Tour kann unkompliziert f\u00fcr jede Sammlung und jedes Museum angepasst und in die bestehende Vermittlungsarbeit integriert werden. Auf Deutsch und auf Englisch m\u00f6glich.<\/span><\/p>\n<p>[\/et_pb_text][\/et_pb_column][\/et_pb_row][et_pb_row column_structure=&#8220;2_5,3_5&#8243; _builder_version=&#8220;4.25.1&#8243; _module_preset=&#8220;default&#8220; width=&#8220;95%&#8220; width_tablet=&#8220;95%&#8220; width_phone=&#8220;95%&#8220; width_last_edited=&#8220;on|phone&#8220; max_width=&#8220;95%&#8220; global_colors_info=&#8220;{}&#8220;][et_pb_column type=&#8220;2_5&#8243; _builder_version=&#8220;4.25.1&#8243; _module_preset=&#8220;default&#8220; global_colors_info=&#8220;{}&#8220;][et_pb_text _builder_version=&#8220;4.27.2&#8243; _module_preset=&#8220;default&#8220; text_text_color=&#8220;#3A3A3A&#8220; text_font_size=&#8220;1em&#8220; text_line_height=&#8220;1.4em&#8220; text_text_color_tablet=&#8220;#FBFBF3&#8243; text_text_color_phone=&#8220;#FBFBF3&#8243; text_text_color_last_edited=&#8220;on|phone&#8220; global_colors_info=&#8220;{}&#8220;]<\/p>\n<p><strong>Kunde:<\/strong> \u00d6ffentliche Kultureinrichtung<strong><\/strong><\/p>\n<p><strong>Leistung:<\/strong> Konzeption, Kuration und Durchf\u00fchrung<strong><\/strong><\/p>\n<p><strong>Land:<\/strong> Deutschland<strong><\/strong><\/p>\n<p><strong>Partner:<\/strong> Klimaschutzagentur<strong><\/strong><\/p>\n<p><strong>Jahr:<\/strong> fortlaufend<\/p>\n<p>[\/et_pb_text][\/et_pb_column][et_pb_column type=&#8220;3_5&#8243; _builder_version=&#8220;4.25.1&#8243; _module_preset=&#8220;default&#8220; global_colors_info=&#8220;{}&#8220;][et_pb_image src=&#8220;https:\/\/cca.international\/wp-content\/uploads\/2026\/04\/museumsfuehrung-2026-1-e1777379006647.jpg&#8220; title_text=&#8220;Credit: JP Possmann&#8220; _builder_version=&#8220;4.27.6&#8243; _module_preset=&#8220;default&#8220; width=&#8220;55%&#8220; width_tablet=&#8220;55%&#8220; width_phone=&#8220;55%&#8220; width_last_edited=&#8220;on|tablet&#8220; custom_margin=&#8220;||1px|||&#8220; hover_enabled=&#8220;0&#8243; global_colors_info=&#8220;{}&#8220; sticky_enabled=&#8220;0&#8243;][\/et_pb_image][et_pb_text _builder_version=&#8220;4.27.6&#8243; _module_preset=&#8220;default&#8220; text_font=&#8220;Nudica Regular||||||||&#8220; text_font_size=&#8220;13px&#8220; custom_margin=&#8220;10px||||false|false&#8220; custom_padding=&#8220;0px||||false|false&#8220; global_colors_info=&#8220;{}&#8220;]<\/p>\n<p>Credit: JP Possmann<\/p>\n<p>[\/et_pb_text][\/et_pb_column][\/et_pb_row][\/et_pb_section][et_pb_section fb_built=&#8220;1&#8243; _builder_version=&#8220;4.27.2&#8243; _module_preset=&#8220;default&#8220; background_color=&#8220;#FBFBF3&#8243; background_color_tablet=&#8220;#161616&#8243; background_last_edited=&#8220;on|phone&#8220; global_colors_info=&#8220;{}&#8220;][et_pb_row _builder_version=&#8220;4.26.1&#8243; _module_preset=&#8220;default&#8220; width=&#8220;95%&#8220; max_width=&#8220;95%&#8220; border_width_top=&#8220;1px&#8220; global_colors_info=&#8220;{}&#8220;][et_pb_column type=&#8220;4_4&#8243; _builder_version=&#8220;4.26.1&#8243; _module_preset=&#8220;default&#8220; global_colors_info=&#8220;{}&#8220;][et_pb_text _builder_version=&#8220;4.27.2&#8243; _module_preset=&#8220;default&#8220; text_text_color=&#8220;#161616&#8243; text_font_size=&#8220;1em&#8220; text_text_color_tablet=&#8220;#FBFBF3&#8243; text_text_color_phone=&#8220;#FBFBF3&#8243; text_text_color_last_edited=&#8220;on|desktop&#8220; global_colors_info=&#8220;{}&#8220;]<\/p>\n<p>more Projects<\/p>\n<p>[\/et_pb_text][brbl_smart_post_list show_topbar=&#8220;off&#8220; is_featured=&#8220;off&#8220; post_type=&#8220;project&#8220; exclude_posts=&#8220;2004&#8243; show_thumb=&#8220;off&#8220; show_author=&#8220;off&#8220; columns_count_tablet=&#8220;&#8220; columns_count_phone=&#8220;1&#8243; columns_count_last_edited=&#8220;on|phone&#8220; _builder_version=&#8220;4.27.2&#8243; _module_preset=&#8220;default&#8220; featured_title_font=&#8220;||||||||&#8220; title_font=&#8220;||||on||||&#8220; title_text_color=&#8220;#161616&#8243; title_font_size=&#8220;1em&#8220; title_line_height=&#8220;1.8em&#8220; title_text_color_tablet=&#8220;#FBFBF3&#8243; title_text_color_phone=&#8220;#FBFBF3&#8243; title_text_color_last_edited=&#8220;on|desktop&#8220; global_colors_info=&#8220;{}&#8220;][\/brbl_smart_post_list][\/et_pb_column][\/et_pb_row][\/et_pb_section]<\/p>\n","protected":false},"excerpt":{"rendered":"<p>Museumsf\u00fchrung: KUNST UND DIE WELT DA DRAUSSENDas Verh\u00e4ltnis zwischen Mensch und Umwelt und der Wandel der Natur haben die K\u00fcnste schon immer inspiriert. Museen sind die Orte, an denen dieser imense Erfahrungsschatz aufbewahrt und gepflegt wird \u2013 offen und zug\u00e4nglich f\u00fcr alle. Kunst vermittelt ein Gef\u00fchl daf\u00fcr, was es bedeutet, \u00f6kologisch zu leben, und die [&hellip;]<\/p>\n","protected":false},"author":1,"featured_media":3239,"comment_status":"open","ping_status":"closed","template":"","meta":{"_et_pb_use_builder":"on","_et_pb_old_content":"","_et_gb_content_width":"","inline_featured_image":false,"footnotes":""},"project_category":[],"project_tag":[],"class_list":["post-3231","project","type-project","status-publish","has-post-thumbnail","hentry"],"_links":{"self":[{"href":"https:\/\/cca.international\/de\/wp-json\/wp\/v2\/project\/3231","targetHints":{"allow":["GET"]}}],"collection":[{"href":"https:\/\/cca.international\/de\/wp-json\/wp\/v2\/project"}],"about":[{"href":"https:\/\/cca.international\/de\/wp-json\/wp\/v2\/types\/project"}],"author":[{"embeddable":true,"href":"https:\/\/cca.international\/de\/wp-json\/wp\/v2\/users\/1"}],"replies":[{"embeddable":true,"href":"https:\/\/cca.international\/de\/wp-json\/wp\/v2\/comments?post=3231"}],"version-history":[{"count":15,"href":"https:\/\/cca.international\/de\/wp-json\/wp\/v2\/project\/3231\/revisions"}],"predecessor-version":[{"id":3446,"href":"https:\/\/cca.international\/de\/wp-json\/wp\/v2\/project\/3231\/revisions\/3446"}],"wp:featuredmedia":[{"embeddable":true,"href":"https:\/\/cca.international\/de\/wp-json\/wp\/v2\/media\/3239"}],"wp:attachment":[{"href":"https:\/\/cca.international\/de\/wp-json\/wp\/v2\/media?parent=3231"}],"wp:term":[{"taxonomy":"project_category","embeddable":true,"href":"https:\/\/cca.international\/de\/wp-json\/wp\/v2\/project_category?post=3231"},{"taxonomy":"project_tag","embeddable":true,"href":"https:\/\/cca.international\/de\/wp-json\/wp\/v2\/project_tag?post=3231"}],"curies":[{"name":"wp","href":"https:\/\/api.w.org\/{rel}","templated":true}]}}

<p>[et_pb_section fb_built=&#8220;1&#8243; _builder_version=&#8220;4.27.2&#8243; _module_preset=&#8220;default&#8220; background_color=&#8220;#FBFBF3&#8243; background_color_tablet=&#8220;#161616&#8243; background_last_edited=&#8220;on|tablet&#8220; global_colors_info=&#8220;{}&#8220;][et_pb_row _builder_version=&#8220;4.25.1&#8243; _module_preset=&#8220;default&#8220; width=&#8220;95%&#8220; width_tablet=&#8220;95%&#8220; width_phone=&#8220;95%&#8220; width_last_edited=&#8220;on|phone&#8220; max_width=&#8220;95%&#8220; global_colors_info=&#8220;{}&#8220;][et_pb_column type=&#8220;4_4&#8243; _builder_version=&#8220;4.25.1&#8243; _module_preset=&#8220;default&#8220; global_colors_info=&#8220;{}&#8220;][et_pb_text _builder_version=&#8220;4.27.4&#8243; _module_preset=&#8220;default&#8220; header_font=&#8220;|||on|||||&#8220; header_text_color=&#8220;#161616&#8243; header_text_color_tablet=&#8220;#FBFBF3&#8243; header_text_color_phone=&#8220;#FBFBF3&#8243; header_text_color_last_edited=&#8220;on|desktop&#8220; global_colors_info=&#8220;{}&#8220;]</p>
<h1><b>Museumsführung: KUNST UND DIE WELT DA DRAUSSEN</b></h1>
<p>[/et_pb_text][/et_pb_column][/et_pb_row][et_pb_row column_structure=&#8220;2_5,3_5&#8243; _builder_version=&#8220;4.25.1&#8243; _module_preset=&#8220;default&#8220; width=&#8220;95%&#8220; width_tablet=&#8220;95%&#8220; width_phone=&#8220;95%&#8220; width_last_edited=&#8220;on|phone&#8220; max_width=&#8220;95%&#8220; global_colors_info=&#8220;{}&#8220;][et_pb_column type=&#8220;2_5&#8243; _builder_version=&#8220;4.25.1&#8243; _module_preset=&#8220;default&#8220; custom_padding=&#8220;10px||||false|false&#8220; border_width_top=&#8220;1px&#8220; global_colors_info=&#8220;{}&#8220;][et_pb_button button_url=&#8220;https://bzb-bremen.de/programm/deichstadt-1/&#8220; url_new_window=&#8220;on&#8220; button_text=&#8220;Weblink Kunsthalle Mannheim&#8220; button_alignment=&#8220;left&#8220; _builder_version=&#8220;4.27.6&#8243; _module_preset=&#8220;default&#8220; custom_button=&#8220;on&#8220; button_text_size=&#8220;1.5em&#8220; button_text_color=&#8220;#3A3A3A&#8220; button_border_width=&#8220;0px&#8220; button_font=&#8220;||||on||||&#8220; button_icon=&#8220;&#x26;||divi||400&#8243; button_icon_placement=&#8220;left&#8220; custom_margin=&#8220;||2px||false|false&#8220; custom_padding=&#8220;||||false|false&#8220; button_text_size_tablet=&#8220;1.5em&#8220; button_text_size_phone=&#8220;1em&#8220; button_text_size_last_edited=&#8220;on|desktop&#8220; button_text_color_tablet=&#8220;#FBFBF3&#8243; button_text_color_phone=&#8220;#FBFBF3&#8243; button_text_color_last_edited=&#8220;on|desktop&#8220; global_colors_info=&#8220;{}&#8220; button_bg_color__hover_enabled=&#8220;on|hover&#8220; button_bg_color__hover=&#8220;RGBA(255,255,255,0)&#8220; button_bg_enable_color__hover=&#8220;on&#8220;][/et_pb_button][/et_pb_column][et_pb_column type=&#8220;3_5&#8243; _builder_version=&#8220;4.25.1&#8243; _module_preset=&#8220;default&#8220; custom_padding=&#8220;10px||||false|false&#8220; border_width_top=&#8220;1px&#8220; global_colors_info=&#8220;{}&#8220;][et_pb_text _builder_version=&#8220;4.27.2&#8243; _module_preset=&#8220;default&#8220; text_text_color=&#8220;#161616&#8243; text_font_size=&#8220;1em&#8220; text_line_height=&#8220;1.6em&#8220; text_text_color_tablet=&#8220;#FBFBF3&#8243; text_text_color_phone=&#8220;#FBFBF3&#8243; text_text_color_last_edited=&#8220;on|desktop&#8220; global_colors_info=&#8220;{}&#8220;]</p>
<p><span style="font-weight: 400;">Das Verhältnis zwischen Mensch und Umwelt und der Wandel der Natur haben die Künste schon immer inspiriert. Museen sind die Orte, an denen dieser imense Erfahrungsschatz aufbewahrt und gepflegt wird – offen und zugänglich für alle. Kunst vermittelt ein Gefühl dafür, was es bedeutet, ökologisch zu leben, und die Kunstwerke aus verschiedenen Epochen zeigen uns, wie sich Menschen auf die Natur eingestellt und mit ihr zu leben gelernt haben. </span></p>
<p><span style="font-weight: 400;">Mit unseren unterhaltsamen und leicht zugänglichen Museumstouren öffnen wir diesen Wissensschatz und zeigen neue, oft überraschende Wege auf, sich den Krisen unserer Zeit zu nähern. Inspirierend und informativ für Ökologieexpert*innen ebenso wie für Laien und Kunstliebhaber*innen bieten unsere Führungen einen neuen, emotionalen Ansatz für Wissenschafts- und Klimakommunikation. Aber auch für Kunstpädagog*innen, die sich aus der Black Box wagen, bietet die Tour wertvolle Ansätze, Ethik und Ästhetik, Politik und Kunst zu verbinden.</span></p>
<p><span style="font-weight: 400;">Die erste Tour haben wir für die</span><a href="https://kuma.art/de"> <span style="font-weight: 400;">Kunsthalle Mannheim</span></a><span style="font-weight: 400;"> 2026 in Zusammenarbeit mit der</span><a href="https://www.klima-ma.de"> <span style="font-weight: 400;">Klimaschutzagentur Mannheim entwickelt</span></a><span style="font-weight: 400;">, mit einem Fokus auf die Kunst der Moderne. Die Tour kann unkompliziert für jede Sammlung und jedes Museum angepasst und in die bestehende Vermittlungsarbeit integriert werden. Auf Deutsch und auf Englisch möglich.</span></p>
<p>[/et_pb_text][/et_pb_column][/et_pb_row][et_pb_row column_structure=&#8220;2_5,3_5&#8243; _builder_version=&#8220;4.25.1&#8243; _module_preset=&#8220;default&#8220; width=&#8220;95%&#8220; width_tablet=&#8220;95%&#8220; width_phone=&#8220;95%&#8220; width_last_edited=&#8220;on|phone&#8220; max_width=&#8220;95%&#8220; global_colors_info=&#8220;{}&#8220;][et_pb_column type=&#8220;2_5&#8243; _builder_version=&#8220;4.25.1&#8243; _module_preset=&#8220;default&#8220; global_colors_info=&#8220;{}&#8220;][et_pb_text _builder_version=&#8220;4.27.2&#8243; _module_preset=&#8220;default&#8220; text_text_color=&#8220;#3A3A3A&#8220; text_font_size=&#8220;1em&#8220; text_line_height=&#8220;1.4em&#8220; text_text_color_tablet=&#8220;#FBFBF3&#8243; text_text_color_phone=&#8220;#FBFBF3&#8243; text_text_color_last_edited=&#8220;on|phone&#8220; global_colors_info=&#8220;{}&#8220;]</p>
<p><strong>Kunde:</strong> Öffentliche Kultureinrichtung<strong></strong></p>
<p><strong>Leistung:</strong> Konzeption, Kuration und Durchführung<strong></strong></p>
<p><strong>Land:</strong> Deutschland<strong></strong></p>
<p><strong>Partner:</strong> Klimaschutzagentur<strong></strong></p>
<p><strong>Jahr:</strong> fortlaufend</p>
<p>[/et_pb_text][/et_pb_column][et_pb_column type=&#8220;3_5&#8243; _builder_version=&#8220;4.25.1&#8243; _module_preset=&#8220;default&#8220; global_colors_info=&#8220;{}&#8220;][et_pb_image src=&#8220;https://cca.international/wp-content/uploads/2026/04/museumsfuehrung-2026-1-e1777379006647.jpg&#8220; title_text=&#8220;Credit: JP Possmann&#8220; _builder_version=&#8220;4.27.6&#8243; _module_preset=&#8220;default&#8220; width=&#8220;55%&#8220; width_tablet=&#8220;55%&#8220; width_phone=&#8220;55%&#8220; width_last_edited=&#8220;on|tablet&#8220; custom_margin=&#8220;||1px|||&#8220; hover_enabled=&#8220;0&#8243; global_colors_info=&#8220;{}&#8220; sticky_enabled=&#8220;0&#8243;][/et_pb_image][et_pb_text _builder_version=&#8220;4.27.6&#8243; _module_preset=&#8220;default&#8220; text_font=&#8220;Nudica Regular||||||||&#8220; text_font_size=&#8220;13px&#8220; custom_margin=&#8220;10px||||false|false&#8220; custom_padding=&#8220;0px||||false|false&#8220; global_colors_info=&#8220;{}&#8220;]</p>
<p>Credit: JP Possmann</p>
<p>[/et_pb_text][/et_pb_column][/et_pb_row][/et_pb_section][et_pb_section fb_built=&#8220;1&#8243; _builder_version=&#8220;4.27.2&#8243; _module_preset=&#8220;default&#8220; background_color=&#8220;#FBFBF3&#8243; background_color_tablet=&#8220;#161616&#8243; background_last_edited=&#8220;on|phone&#8220; global_colors_info=&#8220;{}&#8220;][et_pb_row _builder_version=&#8220;4.26.1&#8243; _module_preset=&#8220;default&#8220; width=&#8220;95%&#8220; max_width=&#8220;95%&#8220; border_width_top=&#8220;1px&#8220; global_colors_info=&#8220;{}&#8220;][et_pb_column type=&#8220;4_4&#8243; _builder_version=&#8220;4.26.1&#8243; _module_preset=&#8220;default&#8220; global_colors_info=&#8220;{}&#8220;][et_pb_text _builder_version=&#8220;4.27.2&#8243; _module_preset=&#8220;default&#8220; text_text_color=&#8220;#161616&#8243; text_font_size=&#8220;1em&#8220; text_text_color_tablet=&#8220;#FBFBF3&#8243; text_text_color_phone=&#8220;#FBFBF3&#8243; text_text_color_last_edited=&#8220;on|desktop&#8220; global_colors_info=&#8220;{}&#8220;]</p>
<p>more Projects</p>
<p>[/et_pb_text][brbl_smart_post_list show_topbar=&#8220;off&#8220; is_featured=&#8220;off&#8220; post_type=&#8220;project&#8220; exclude_posts=&#8220;2004&#8243; show_thumb=&#8220;off&#8220; show_author=&#8220;off&#8220; columns_count_tablet=&#8220;&#8220; columns_count_phone=&#8220;1&#8243; columns_count_last_edited=&#8220;on|phone&#8220; _builder_version=&#8220;4.27.2&#8243; _module_preset=&#8220;default&#8220; featured_title_font=&#8220;||||||||&#8220; title_font=&#8220;||||on||||&#8220; title_text_color=&#8220;#161616&#8243; title_font_size=&#8220;1em&#8220; title_line_height=&#8220;1.8em&#8220; title_text_color_tablet=&#8220;#FBFBF3&#8243; title_text_color_phone=&#8220;#FBFBF3&#8243; title_text_color_last_edited=&#8220;on|desktop&#8220; global_colors_info=&#8220;{}&#8220;][/brbl_smart_post_list][/et_pb_column][/et_pb_row][/et_pb_section]</p>

<p>Museumsführung: KUNST UND DIE WELT DA DRAUSSENDas Verhältnis zwischen Mensch und Umwelt und der Wandel der Natur haben die Künste schon immer inspiriert. Museen sind die Orte, an denen dieser imense Erfahrungsschatz aufbewahrt und gepflegt wird – offen und zugänglich für alle. Kunst vermittelt ein Gefühl dafür, was es bedeutet, ökologisch zu leben, und die [&hellip;]</p>
