{"id":3145,"date":"2025-07-21T10:04:11","date_gmt":"2025-07-21T10:04:11","guid":{"rendered":"https:\/\/cca.international\/project\/reden-uebers-wetter"},"modified":"2026-04-29T08:51:59","modified_gmt":"2026-04-29T08:51:59","slug":"reden-uebers-wetter","status":"publish","type":"project","link":"https:\/\/cca.international\/de\/project\/reden-uebers-wetter","title":{"rendered":"Reden \u00fcbers Wetter"},"content":{"rendered":"<p>[et_pb_section fb_built=&#8220;1&#8243; _builder_version=&#8220;4.27.2&#8243; _module_preset=&#8220;default&#8220; background_color=&#8220;#FBFBF3&#8243; background_color_tablet=&#8220;#161616&#8243; background_last_edited=&#8220;on|tablet&#8220; background_enable_color_tablet=&#8220;on&#8220; global_colors_info=&#8220;{}&#8220;][et_pb_row _builder_version=&#8220;4.25.1&#8243; _module_preset=&#8220;default&#8220; width=&#8220;95%&#8220; width_tablet=&#8220;95%&#8220; width_phone=&#8220;95%&#8220; width_last_edited=&#8220;on|phone&#8220; max_width=&#8220;95%&#8220; global_colors_info=&#8220;{}&#8220;][et_pb_column type=&#8220;4_4&#8243; _builder_version=&#8220;4.25.1&#8243; _module_preset=&#8220;default&#8220; global_colors_info=&#8220;{}&#8220;][et_pb_text _builder_version=&#8220;4.27.4&#8243; _module_preset=&#8220;default&#8220; header_font=&#8220;|||on|||||&#8220; header_line_height=&#8220;1.4em&#8220; header_text_color_tablet=&#8220;#FBFBF3&#8243; header_text_color_phone=&#8220;#FBFBF3&#8243; header_text_color_last_edited=&#8220;on|tablet&#8220; global_colors_info=&#8220;{}&#8220;]<\/p>\n<h1>Reden \u00fcbers Wetter<br \/><em>Small talk on extreme weather<\/em><\/h1>\n<p>[\/et_pb_text][\/et_pb_column][\/et_pb_row][et_pb_row column_structure=&#8220;2_5,3_5&#8243; _builder_version=&#8220;4.25.1&#8243; _module_preset=&#8220;default&#8220; width=&#8220;95%&#8220; width_tablet=&#8220;95%&#8220; width_phone=&#8220;95%&#8220; width_last_edited=&#8220;on|phone&#8220; max_width=&#8220;95%&#8220; global_colors_info=&#8220;{}&#8220;][et_pb_column type=&#8220;2_5&#8243; _builder_version=&#8220;4.25.1&#8243; _module_preset=&#8220;default&#8220; custom_padding=&#8220;10px||||false|false&#8220; border_width_top=&#8220;1px&#8220; global_colors_info=&#8220;{}&#8220;][et_pb_button button_url=&#8220;https:\/\/drive.google.com\/file\/d\/13WdRSXN8Ya-bhXz2_OeTMOODBeyeuvtg\/view?usp=sharing&#8220; url_new_window=&#8220;on&#8220; button_text=&#8220;Projekt-Pdf&#8220; button_alignment=&#8220;left&#8220; _builder_version=&#8220;4.27.6&#8243; _module_preset=&#8220;default&#8220; custom_button=&#8220;on&#8220; button_text_size=&#8220;1.5em&#8220; button_text_color=&#8220;#3A3A3A&#8220; button_border_width=&#8220;0px&#8220; button_font=&#8220;||||on||||&#8220; button_icon=&#8220;&#x26;||divi||400&#8243; button_icon_placement=&#8220;left&#8220; custom_margin=&#8220;||||false|false&#8220; custom_padding=&#8220;||||false|false&#8220; hover_enabled=&#8220;0&#8243; button_text_size_tablet=&#8220;1.5em&#8220; button_text_size_phone=&#8220;1em&#8220; button_text_size_last_edited=&#8220;on|desktop&#8220; button_text_color_tablet=&#8220;#FBFBF3&#8243; button_text_color_phone=&#8220;#FBFBF3&#8243; button_text_color_last_edited=&#8220;on|phone&#8220; button_icon_color_tablet=&#8220;#FBFBF3&#8243; button_icon_color_phone=&#8220;#FBFBF3&#8243; button_icon_color_last_edited=&#8220;on|desktop&#8220; global_colors_info=&#8220;{}&#8220; button_bg_color__hover_enabled=&#8220;on|hover&#8220; button_bg_color__hover=&#8220;RGBA(255,255,255,0)&#8220; button_bg_enable_color__hover=&#8220;on&#8220; sticky_enabled=&#8220;0&#8243;][\/et_pb_button][\/et_pb_column][et_pb_column type=&#8220;3_5&#8243; _builder_version=&#8220;4.25.1&#8243; _module_preset=&#8220;default&#8220; custom_padding=&#8220;10px||||false|false&#8220; border_width_top=&#8220;1px&#8220; global_colors_info=&#8220;{}&#8220;][et_pb_text _builder_version=&#8220;4.27.4&#8243; _module_preset=&#8220;default&#8220; text_text_color=&#8220;#3A3A3A&#8220; text_font_size=&#8220;1em&#8220; text_line_height=&#8220;1.6em&#8220; text_text_color_tablet=&#8220;#FBFBF3&#8243; text_text_color_phone=&#8220;#FBFBF3&#8243; text_text_color_last_edited=&#8220;on|phone&#8220; global_colors_info=&#8220;{}&#8220;]<\/p>\n<p><span style=\"font-weight: 400;\">Was den Klimawandel zu einem schwierigen Thema macht, ist, dass wir alle \u00fcber das Wetter reden, aber nur Wissenschaftler*innen Bescheid wissen. Wie k\u00f6nnen sie es wagen! Tats\u00e4chlich wissen wir alle ein oder zwei wertvolle Dinge, und um uns auf sozial faire und nachhaltige Weise anzupassen, brauchen wir dieses Wissen. Deshalb schaffen wir Round-Table-Formate, die Raum f\u00fcr unbekanntes, unausgesprochenes oder unterrepr\u00e4sentiertes Know-how bieten und so oft \u00fcberraschende und lebhafte Begegnungen erm\u00f6glichen, die \u00fcber die \u00fcblichen Expert*innengespr\u00e4che oder B\u00fcrgerr\u00e4te hinausgehen.<\/span><\/p>\n<p><span style=\"font-weight: 400;\">REDEN \u00dcBERS WETTER ist ein Round-Table-Formate, das speziell f\u00fcr \u00f6ffentliche Institutionen entwickelt wurde. Wir passen diese Veranstaltungen sorgf\u00e4ltig an die spezifischen Bed\u00fcrfnisse und Bedingungen jeder Institution an und nutzen ihre lokalen Ressourcen und unsere Kreativit\u00e4t, um einzigartige und bedeutungsvolle Veranstaltungen zu schaffen. Bitte lesen Sie die Projektbeschreibung f\u00fcr weitere Details oder kontaktieren Sie uns!<\/span><\/p>\n<p>[\/et_pb_text][\/et_pb_column][\/et_pb_row][et_pb_row column_structure=&#8220;2_5,3_5&#8243; _builder_version=&#8220;4.25.1&#8243; _module_preset=&#8220;default&#8220; width=&#8220;95%&#8220; width_tablet=&#8220;95%&#8220; width_phone=&#8220;95%&#8220; width_last_edited=&#8220;on|phone&#8220; max_width=&#8220;95%&#8220; global_colors_info=&#8220;{}&#8220;][et_pb_column type=&#8220;2_5&#8243; _builder_version=&#8220;4.25.1&#8243; _module_preset=&#8220;default&#8220; global_colors_info=&#8220;{}&#8220;][et_pb_text _builder_version=&#8220;4.27.6&#8243; _module_preset=&#8220;default&#8220; text_text_color=&#8220;#161616&#8243; text_font_size=&#8220;1em&#8220; text_line_height=&#8220;1.4em&#8220; hover_enabled=&#8220;0&#8243; text_text_color_tablet=&#8220;#FBFBF3&#8243; text_text_color_phone=&#8220;#FBFBF3&#8243; text_text_color_last_edited=&#8220;on|desktop&#8220; global_colors_info=&#8220;{}&#8220; sticky_enabled=&#8220;0&#8243;]<\/p>\n<p><b>Kunde:<\/b><span style=\"font-weight: 400;\"> Verschiedene \u00f6ffentliche Kultur- und Sozialeinrichtungen<\/span><\/p>\n<p><b>Leistung:<\/b><span style=\"font-weight: 400;\"> Kuratierung und Moderation<\/span><\/p>\n<p><b>Land:<\/b><span style=\"font-weight: 400;\"> Deutschland<\/span><\/p>\n<p><b>Jahr:<\/b><span style=\"font-weight: 400;\"> laufend<\/span><\/p>\n<p>[\/et_pb_text][\/et_pb_column][et_pb_column type=&#8220;3_5&#8243; _builder_version=&#8220;4.25.1&#8243; _module_preset=&#8220;default&#8220; global_colors_info=&#8220;{}&#8220;][et_pb_image src=&#8220;https:\/\/cca.international\/wp-content\/uploads\/2025\/07\/Atlantis-west_eric-the-wikng-1989-e1753091238120.jpg&#8220; title_text=&#8220;screen shot from the movie %22Eric the Viking%22 (1989)&#8220; show_in_lightbox=&#8220;on&#8220; force_fullwidth=&#8220;on&#8220; _builder_version=&#8220;4.27.4&#8243; _module_preset=&#8220;default&#8220; global_colors_info=&#8220;{}&#8220;][\/et_pb_image][et_pb_text _builder_version=&#8220;4.27.4&#8243; _module_preset=&#8220;default&#8220; text_font=&#8220;Nudica Regular||||||||&#8220; text_font_size=&#8220;13px&#8220; custom_margin=&#8220;10px||||false|false&#8220; custom_padding=&#8220;0px||||false|false&#8220; locked=&#8220;off&#8220; global_colors_info=&#8220;{}&#8220;]<\/p>\n<p>screen shot from the movie &#8222;Erik the Viking&#8220; (1989)<\/p>\n<p>[\/et_pb_text][\/et_pb_column][\/et_pb_row][\/et_pb_section][et_pb_section fb_built=&#8220;1&#8243; _builder_version=&#8220;4.27.2&#8243; _module_preset=&#8220;default&#8220; background_color=&#8220;#FBFBF3&#8243; background_color_tablet=&#8220;#161616&#8243; background_last_edited=&#8220;on|phone&#8220; background_enable_color_tablet=&#8220;on&#8220; global_colors_info=&#8220;{}&#8220;][et_pb_row _builder_version=&#8220;4.26.1&#8243; _module_preset=&#8220;default&#8220; width=&#8220;95%&#8220; max_width=&#8220;95%&#8220; border_width_top=&#8220;1px&#8220; global_colors_info=&#8220;{}&#8220;][et_pb_column type=&#8220;4_4&#8243; _builder_version=&#8220;4.26.1&#8243; _module_preset=&#8220;default&#8220; global_colors_info=&#8220;{}&#8220;][et_pb_text admin_label=&#8220;Text&#8220; _builder_version=&#8220;4.27.2&#8243; _module_preset=&#8220;default&#8220; text_text_color=&#8220;#161616&#8243; text_font_size=&#8220;1em&#8220; text_text_color_tablet=&#8220;#FBFBF3&#8243; text_text_color_phone=&#8220;#FBFBF3&#8243; text_text_color_last_edited=&#8220;on|desktop&#8220; global_colors_info=&#8220;{}&#8220;]<\/p>\n<p>more Projects<\/p>\n<p>[\/et_pb_text][brbl_smart_post_list show_topbar=&#8220;off&#8220; is_featured=&#8220;off&#8220; post_type=&#8220;project&#8220; exclude_posts=&#8220;2004&#8243; show_thumb=&#8220;off&#8220; show_author=&#8220;off&#8220; columns_count_tablet=&#8220;&#8220; columns_count_phone=&#8220;1&#8243; columns_count_last_edited=&#8220;on|phone&#8220; _builder_version=&#8220;4.27.2&#8243; _module_preset=&#8220;default&#8220; featured_title_font=&#8220;||||||||&#8220; title_font=&#8220;||||on||||&#8220; title_text_color=&#8220;#161616&#8243; title_font_size=&#8220;1em&#8220; title_line_height=&#8220;1.8em&#8220; featured_title_text_color_tablet=&#8220;#FBFBF3&#8243; featured_title_text_color_phone=&#8220;#FBFBF3&#8243; featured_title_text_color_last_edited=&#8220;on|tablet&#8220; title_text_color_tablet=&#8220;#FBFBF3&#8243; title_text_color_phone=&#8220;#FBFBF3&#8243; title_text_color_last_edited=&#8220;on|desktop&#8220; global_colors_info=&#8220;{}&#8220;][\/brbl_smart_post_list][\/et_pb_column][\/et_pb_row][\/et_pb_section]<\/p>\n","protected":false},"excerpt":{"rendered":"<p>Reden \u00fcbers WetterSmall talk on extreme weatherWas den Klimawandel zu einem schwierigen Thema macht, ist, dass wir alle \u00fcber das Wetter reden, aber nur Wissenschaftler*innen Bescheid wissen. Wie k\u00f6nnen sie es wagen! Tats\u00e4chlich wissen wir alle ein oder zwei wertvolle Dinge, und um uns auf sozial faire und nachhaltige Weise anzupassen, brauchen wir dieses Wissen. [&hellip;]<\/p>\n","protected":false},"author":1,"featured_media":3146,"comment_status":"open","ping_status":"closed","template":"","meta":{"_et_pb_use_builder":"on","_et_pb_old_content":"","_et_gb_content_width":"","inline_featured_image":false,"footnotes":""},"project_category":[],"project_tag":[],"class_list":["post-3145","project","type-project","status-publish","has-post-thumbnail","hentry"],"_links":{"self":[{"href":"https:\/\/cca.international\/de\/wp-json\/wp\/v2\/project\/3145","targetHints":{"allow":["GET"]}}],"collection":[{"href":"https:\/\/cca.international\/de\/wp-json\/wp\/v2\/project"}],"about":[{"href":"https:\/\/cca.international\/de\/wp-json\/wp\/v2\/types\/project"}],"author":[{"embeddable":true,"href":"https:\/\/cca.international\/de\/wp-json\/wp\/v2\/users\/1"}],"replies":[{"embeddable":true,"href":"https:\/\/cca.international\/de\/wp-json\/wp\/v2\/comments?post=3145"}],"version-history":[{"count":12,"href":"https:\/\/cca.international\/de\/wp-json\/wp\/v2\/project\/3145\/revisions"}],"predecessor-version":[{"id":3449,"href":"https:\/\/cca.international\/de\/wp-json\/wp\/v2\/project\/3145\/revisions\/3449"}],"wp:featuredmedia":[{"embeddable":true,"href":"https:\/\/cca.international\/de\/wp-json\/wp\/v2\/media\/3146"}],"wp:attachment":[{"href":"https:\/\/cca.international\/de\/wp-json\/wp\/v2\/media?parent=3145"}],"wp:term":[{"taxonomy":"project_category","embeddable":true,"href":"https:\/\/cca.international\/de\/wp-json\/wp\/v2\/project_category?post=3145"},{"taxonomy":"project_tag","embeddable":true,"href":"https:\/\/cca.international\/de\/wp-json\/wp\/v2\/project_tag?post=3145"}],"curies":[{"name":"wp","href":"https:\/\/api.w.org\/{rel}","templated":true}]}}

Reden übers Wetter

<p>[et_pb_section fb_built=&#8220;1&#8243; _builder_version=&#8220;4.27.2&#8243; _module_preset=&#8220;default&#8220; background_color=&#8220;#FBFBF3&#8243; background_color_tablet=&#8220;#161616&#8243; background_last_edited=&#8220;on|tablet&#8220; background_enable_color_tablet=&#8220;on&#8220; global_colors_info=&#8220;{}&#8220;][et_pb_row _builder_version=&#8220;4.25.1&#8243; _module_preset=&#8220;default&#8220; width=&#8220;95%&#8220; width_tablet=&#8220;95%&#8220; width_phone=&#8220;95%&#8220; width_last_edited=&#8220;on|phone&#8220; max_width=&#8220;95%&#8220; global_colors_info=&#8220;{}&#8220;][et_pb_column type=&#8220;4_4&#8243; _builder_version=&#8220;4.25.1&#8243; _module_preset=&#8220;default&#8220; global_colors_info=&#8220;{}&#8220;][et_pb_text _builder_version=&#8220;4.27.4&#8243; _module_preset=&#8220;default&#8220; header_font=&#8220;|||on|||||&#8220; header_line_height=&#8220;1.4em&#8220; header_text_color_tablet=&#8220;#FBFBF3&#8243; header_text_color_phone=&#8220;#FBFBF3&#8243; header_text_color_last_edited=&#8220;on|tablet&#8220; global_colors_info=&#8220;{}&#8220;]</p>
<h1>Reden übers Wetter<br /><em>Small talk on extreme weather</em></h1>
<p>[/et_pb_text][/et_pb_column][/et_pb_row][et_pb_row column_structure=&#8220;2_5,3_5&#8243; _builder_version=&#8220;4.25.1&#8243; _module_preset=&#8220;default&#8220; width=&#8220;95%&#8220; width_tablet=&#8220;95%&#8220; width_phone=&#8220;95%&#8220; width_last_edited=&#8220;on|phone&#8220; max_width=&#8220;95%&#8220; global_colors_info=&#8220;{}&#8220;][et_pb_column type=&#8220;2_5&#8243; _builder_version=&#8220;4.25.1&#8243; _module_preset=&#8220;default&#8220; custom_padding=&#8220;10px||||false|false&#8220; border_width_top=&#8220;1px&#8220; global_colors_info=&#8220;{}&#8220;][et_pb_button button_url=&#8220;https://drive.google.com/file/d/13WdRSXN8Ya-bhXz2_OeTMOODBeyeuvtg/view?usp=sharing&#8220; url_new_window=&#8220;on&#8220; button_text=&#8220;Projekt-Pdf&#8220; button_alignment=&#8220;left&#8220; _builder_version=&#8220;4.27.6&#8243; _module_preset=&#8220;default&#8220; custom_button=&#8220;on&#8220; button_text_size=&#8220;1.5em&#8220; button_text_color=&#8220;#3A3A3A&#8220; button_border_width=&#8220;0px&#8220; button_font=&#8220;||||on||||&#8220; button_icon=&#8220;&#x26;||divi||400&#8243; button_icon_placement=&#8220;left&#8220; custom_margin=&#8220;||||false|false&#8220; custom_padding=&#8220;||||false|false&#8220; hover_enabled=&#8220;0&#8243; button_text_size_tablet=&#8220;1.5em&#8220; button_text_size_phone=&#8220;1em&#8220; button_text_size_last_edited=&#8220;on|desktop&#8220; button_text_color_tablet=&#8220;#FBFBF3&#8243; button_text_color_phone=&#8220;#FBFBF3&#8243; button_text_color_last_edited=&#8220;on|phone&#8220; button_icon_color_tablet=&#8220;#FBFBF3&#8243; button_icon_color_phone=&#8220;#FBFBF3&#8243; button_icon_color_last_edited=&#8220;on|desktop&#8220; global_colors_info=&#8220;{}&#8220; button_bg_color__hover_enabled=&#8220;on|hover&#8220; button_bg_color__hover=&#8220;RGBA(255,255,255,0)&#8220; button_bg_enable_color__hover=&#8220;on&#8220; sticky_enabled=&#8220;0&#8243;][/et_pb_button][/et_pb_column][et_pb_column type=&#8220;3_5&#8243; _builder_version=&#8220;4.25.1&#8243; _module_preset=&#8220;default&#8220; custom_padding=&#8220;10px||||false|false&#8220; border_width_top=&#8220;1px&#8220; global_colors_info=&#8220;{}&#8220;][et_pb_text _builder_version=&#8220;4.27.4&#8243; _module_preset=&#8220;default&#8220; text_text_color=&#8220;#3A3A3A&#8220; text_font_size=&#8220;1em&#8220; text_line_height=&#8220;1.6em&#8220; text_text_color_tablet=&#8220;#FBFBF3&#8243; text_text_color_phone=&#8220;#FBFBF3&#8243; text_text_color_last_edited=&#8220;on|phone&#8220; global_colors_info=&#8220;{}&#8220;]</p>
<p><span style="font-weight: 400;">Was den Klimawandel zu einem schwierigen Thema macht, ist, dass wir alle über das Wetter reden, aber nur Wissenschaftler*innen Bescheid wissen. Wie können sie es wagen! Tatsächlich wissen wir alle ein oder zwei wertvolle Dinge, und um uns auf sozial faire und nachhaltige Weise anzupassen, brauchen wir dieses Wissen. Deshalb schaffen wir Round-Table-Formate, die Raum für unbekanntes, unausgesprochenes oder unterrepräsentiertes Know-how bieten und so oft überraschende und lebhafte Begegnungen ermöglichen, die über die üblichen Expert*innengespräche oder Bürgerräte hinausgehen.</span></p>
<p><span style="font-weight: 400;">REDEN ÜBERS WETTER ist ein Round-Table-Formate, das speziell für öffentliche Institutionen entwickelt wurde. Wir passen diese Veranstaltungen sorgfältig an die spezifischen Bedürfnisse und Bedingungen jeder Institution an und nutzen ihre lokalen Ressourcen und unsere Kreativität, um einzigartige und bedeutungsvolle Veranstaltungen zu schaffen. Bitte lesen Sie die Projektbeschreibung für weitere Details oder kontaktieren Sie uns!</span></p>
<p>[/et_pb_text][/et_pb_column][/et_pb_row][et_pb_row column_structure=&#8220;2_5,3_5&#8243; _builder_version=&#8220;4.25.1&#8243; _module_preset=&#8220;default&#8220; width=&#8220;95%&#8220; width_tablet=&#8220;95%&#8220; width_phone=&#8220;95%&#8220; width_last_edited=&#8220;on|phone&#8220; max_width=&#8220;95%&#8220; global_colors_info=&#8220;{}&#8220;][et_pb_column type=&#8220;2_5&#8243; _builder_version=&#8220;4.25.1&#8243; _module_preset=&#8220;default&#8220; global_colors_info=&#8220;{}&#8220;][et_pb_text _builder_version=&#8220;4.27.6&#8243; _module_preset=&#8220;default&#8220; text_text_color=&#8220;#161616&#8243; text_font_size=&#8220;1em&#8220; text_line_height=&#8220;1.4em&#8220; hover_enabled=&#8220;0&#8243; text_text_color_tablet=&#8220;#FBFBF3&#8243; text_text_color_phone=&#8220;#FBFBF3&#8243; text_text_color_last_edited=&#8220;on|desktop&#8220; global_colors_info=&#8220;{}&#8220; sticky_enabled=&#8220;0&#8243;]</p>
<p><b>Kunde:</b><span style="font-weight: 400;"> Verschiedene öffentliche Kultur- und Sozialeinrichtungen</span></p>
<p><b>Leistung:</b><span style="font-weight: 400;"> Kuratierung und Moderation</span></p>
<p><b>Land:</b><span style="font-weight: 400;"> Deutschland</span></p>
<p><b>Jahr:</b><span style="font-weight: 400;"> laufend</span></p>
<p>[/et_pb_text][/et_pb_column][et_pb_column type=&#8220;3_5&#8243; _builder_version=&#8220;4.25.1&#8243; _module_preset=&#8220;default&#8220; global_colors_info=&#8220;{}&#8220;][et_pb_image src=&#8220;https://cca.international/wp-content/uploads/2025/07/Atlantis-west_eric-the-wikng-1989-e1753091238120.jpg&#8220; title_text=&#8220;screen shot from the movie %22Eric the Viking%22 (1989)&#8220; show_in_lightbox=&#8220;on&#8220; force_fullwidth=&#8220;on&#8220; _builder_version=&#8220;4.27.4&#8243; _module_preset=&#8220;default&#8220; global_colors_info=&#8220;{}&#8220;][/et_pb_image][et_pb_text _builder_version=&#8220;4.27.4&#8243; _module_preset=&#8220;default&#8220; text_font=&#8220;Nudica Regular||||||||&#8220; text_font_size=&#8220;13px&#8220; custom_margin=&#8220;10px||||false|false&#8220; custom_padding=&#8220;0px||||false|false&#8220; locked=&#8220;off&#8220; global_colors_info=&#8220;{}&#8220;]</p>
<p>screen shot from the movie &#8222;Erik the Viking&#8220; (1989)</p>
<p>[/et_pb_text][/et_pb_column][/et_pb_row][/et_pb_section][et_pb_section fb_built=&#8220;1&#8243; _builder_version=&#8220;4.27.2&#8243; _module_preset=&#8220;default&#8220; background_color=&#8220;#FBFBF3&#8243; background_color_tablet=&#8220;#161616&#8243; background_last_edited=&#8220;on|phone&#8220; background_enable_color_tablet=&#8220;on&#8220; global_colors_info=&#8220;{}&#8220;][et_pb_row _builder_version=&#8220;4.26.1&#8243; _module_preset=&#8220;default&#8220; width=&#8220;95%&#8220; max_width=&#8220;95%&#8220; border_width_top=&#8220;1px&#8220; global_colors_info=&#8220;{}&#8220;][et_pb_column type=&#8220;4_4&#8243; _builder_version=&#8220;4.26.1&#8243; _module_preset=&#8220;default&#8220; global_colors_info=&#8220;{}&#8220;][et_pb_text admin_label=&#8220;Text&#8220; _builder_version=&#8220;4.27.2&#8243; _module_preset=&#8220;default&#8220; text_text_color=&#8220;#161616&#8243; text_font_size=&#8220;1em&#8220; text_text_color_tablet=&#8220;#FBFBF3&#8243; text_text_color_phone=&#8220;#FBFBF3&#8243; text_text_color_last_edited=&#8220;on|desktop&#8220; global_colors_info=&#8220;{}&#8220;]</p>
<p>more Projects</p>
<p>[/et_pb_text][brbl_smart_post_list show_topbar=&#8220;off&#8220; is_featured=&#8220;off&#8220; post_type=&#8220;project&#8220; exclude_posts=&#8220;2004&#8243; show_thumb=&#8220;off&#8220; show_author=&#8220;off&#8220; columns_count_tablet=&#8220;&#8220; columns_count_phone=&#8220;1&#8243; columns_count_last_edited=&#8220;on|phone&#8220; _builder_version=&#8220;4.27.2&#8243; _module_preset=&#8220;default&#8220; featured_title_font=&#8220;||||||||&#8220; title_font=&#8220;||||on||||&#8220; title_text_color=&#8220;#161616&#8243; title_font_size=&#8220;1em&#8220; title_line_height=&#8220;1.8em&#8220; featured_title_text_color_tablet=&#8220;#FBFBF3&#8243; featured_title_text_color_phone=&#8220;#FBFBF3&#8243; featured_title_text_color_last_edited=&#8220;on|tablet&#8220; title_text_color_tablet=&#8220;#FBFBF3&#8243; title_text_color_phone=&#8220;#FBFBF3&#8243; title_text_color_last_edited=&#8220;on|desktop&#8220; global_colors_info=&#8220;{}&#8220;][/brbl_smart_post_list][/et_pb_column][/et_pb_row][/et_pb_section]</p>

<p>Reden übers WetterSmall talk on extreme weatherWas den Klimawandel zu einem schwierigen Thema macht, ist, dass wir alle über das Wetter reden, aber nur Wissenschaftler*innen Bescheid wissen. Wie können sie es wagen! Tatsächlich wissen wir alle ein oder zwei wertvolle Dinge, und um uns auf sozial faire und nachhaltige Weise anzupassen, brauchen wir dieses Wissen. [&hellip;]</p>
