{"id":3130,"date":"2024-07-21T23:50:27","date_gmt":"2024-07-21T23:50:27","guid":{"rendered":"https:\/\/cca.international\/project\/research-commission-on-international-competitions-on-inter-disciplinary-climate-adaptation"},"modified":"2026-01-12T16:17:48","modified_gmt":"2026-01-12T16:17:48","slug":"research-commission-on-international-competitions-on-inter-disciplinary-climate-adaptation","status":"publish","type":"project","link":"https:\/\/cca.international\/de\/project\/research-commission-on-international-competitions-on-inter-disciplinary-climate-adaptation","title":{"rendered":"Forschungsauftrag zu internationalen Wettbewerben zur interdisziplin\u00e4ren Klimaanpassung"},"content":{"rendered":"<p>[et_pb_section fb_built=&#8220;1&#8243; _builder_version=&#8220;4.27.2&#8243; _module_preset=&#8220;default&#8220; background_color=&#8220;#FBFBF3&#8243; background_color_tablet=&#8220;#161616&#8243; background_last_edited=&#8220;on|tablet&#8220; background_enable_color_tablet=&#8220;on&#8220; global_colors_info=&#8220;{}&#8220;][et_pb_row _builder_version=&#8220;4.25.1&#8243; _module_preset=&#8220;default&#8220; width=&#8220;95%&#8220; width_tablet=&#8220;95%&#8220; width_phone=&#8220;95%&#8220; width_last_edited=&#8220;on|phone&#8220; max_width=&#8220;95%&#8220; global_colors_info=&#8220;{}&#8220;][et_pb_column type=&#8220;4_4&#8243; _builder_version=&#8220;4.25.1&#8243; _module_preset=&#8220;default&#8220; global_colors_info=&#8220;{}&#8220;][et_pb_text _builder_version=&#8220;4.27.5&#8243; _module_preset=&#8220;default&#8220; header_font=&#8220;|||on|||||&#8220; header_line_height=&#8220;1.4em&#8220; hover_enabled=&#8220;0&#8243; header_text_color_tablet=&#8220;#FBFBF3&#8243; header_text_color_phone=&#8220;#FBFBF3&#8243; header_text_color_last_edited=&#8220;on|tablet&#8220; global_colors_info=&#8220;{}&#8220; sticky_enabled=&#8220;0&#8243;]<\/p>\n<h1><b>Forschungsauftrag zu internationalen Wettbewerben zur interdisziplin\u00e4ren Klimaanpassung<\/b><\/h1>\n<p>[\/et_pb_text][\/et_pb_column][\/et_pb_row][et_pb_row column_structure=&#8220;2_5,3_5&#8243; _builder_version=&#8220;4.25.1&#8243; _module_preset=&#8220;default&#8220; width=&#8220;95%&#8220; width_tablet=&#8220;95%&#8220; width_phone=&#8220;95%&#8220; width_last_edited=&#8220;on|phone&#8220; max_width=&#8220;95%&#8220; global_colors_info=&#8220;{}&#8220;][et_pb_column type=&#8220;2_5&#8243; _builder_version=&#8220;4.25.1&#8243; _module_preset=&#8220;default&#8220; custom_padding=&#8220;10px||||false|false&#8220; border_width_top=&#8220;1px&#8220; global_colors_info=&#8220;{}&#8220;][et_pb_button button_url=&#8220;https:\/\/www.kulturstiftung-des-bundes.de\/en&#8220; url_new_window=&#8220;on&#8220; button_text=&#8220;Weblink&#8220; button_alignment=&#8220;left&#8220; _builder_version=&#8220;4.27.5&#8243; _module_preset=&#8220;default&#8220; custom_button=&#8220;on&#8220; button_text_size=&#8220;1.5em&#8220; button_text_color=&#8220;#3A3A3A&#8220; button_border_width=&#8220;0px&#8220; button_font=&#8220;||||on||||&#8220; button_icon=&#8220;&#x26;||divi||400&#8243; button_icon_placement=&#8220;left&#8220; custom_margin=&#8220;||||false|false&#8220; custom_padding=&#8220;||||false|false&#8220; hover_enabled=&#8220;0&#8243; button_text_size_tablet=&#8220;1.5em&#8220; button_text_size_phone=&#8220;1em&#8220; button_text_size_last_edited=&#8220;on|desktop&#8220; button_text_color_tablet=&#8220;#FBFBF3&#8243; button_text_color_phone=&#8220;#FBFBF3&#8243; button_text_color_last_edited=&#8220;on|phone&#8220; button_icon_color_tablet=&#8220;#FBFBF3&#8243; button_icon_color_phone=&#8220;#FBFBF3&#8243; button_icon_color_last_edited=&#8220;on|desktop&#8220; global_colors_info=&#8220;{}&#8220; button_bg_color__hover_enabled=&#8220;on|hover&#8220; button_bg_color__hover=&#8220;RGBA(255,255,255,0)&#8220; button_bg_enable_color__hover=&#8220;on&#8220; sticky_enabled=&#8220;0&#8243;][\/et_pb_button][\/et_pb_column][et_pb_column type=&#8220;3_5&#8243; _builder_version=&#8220;4.25.1&#8243; _module_preset=&#8220;default&#8220; custom_padding=&#8220;10px||||false|false&#8220; border_width_top=&#8220;1px&#8220; global_colors_info=&#8220;{}&#8220;][et_pb_text _builder_version=&#8220;4.27.5&#8243; _module_preset=&#8220;default&#8220; text_text_color=&#8220;#3A3A3A&#8220; text_font_size=&#8220;1em&#8220; text_line_height=&#8220;1.6em&#8220; hover_enabled=&#8220;0&#8243; text_text_color_tablet=&#8220;#FBFBF3&#8243; text_text_color_phone=&#8220;#FBFBF3&#8243; text_text_color_last_edited=&#8220;on|phone&#8220; global_colors_info=&#8220;{}&#8220; sticky_enabled=&#8220;0&#8243;]<\/p>\n<p><span style=\"font-weight: 400;\">Die Kulturstiftung des Bundes beauftragte uns mit einer internationalen Studie zur Interdisziplinarit\u00e4t in Klimaanpassungsinitiativen. Wir untersuchten aktuelle und fr\u00fchere Ausschreibungen unter dem Gesichtspunkt der Interdisziplinarit\u00e4t, der Gemeinschaftsorientierung und der Beteiligung kultureller Akteure und verfassten ein Briefing mit Ideen f\u00fcr eine neue F\u00f6rderlinie der Stiftung.<\/span><\/p>\n<p>[\/et_pb_text][\/et_pb_column][\/et_pb_row][et_pb_row column_structure=&#8220;2_5,3_5&#8243; _builder_version=&#8220;4.25.1&#8243; _module_preset=&#8220;default&#8220; width=&#8220;95%&#8220; width_tablet=&#8220;95%&#8220; width_phone=&#8220;95%&#8220; width_last_edited=&#8220;on|phone&#8220; max_width=&#8220;95%&#8220; global_colors_info=&#8220;{}&#8220;][et_pb_column type=&#8220;2_5&#8243; _builder_version=&#8220;4.25.1&#8243; _module_preset=&#8220;default&#8220; global_colors_info=&#8220;{}&#8220;][et_pb_text _builder_version=&#8220;4.27.5&#8243; _module_preset=&#8220;default&#8220; text_text_color=&#8220;#161616&#8243; text_font_size=&#8220;1em&#8220; text_line_height=&#8220;1.4em&#8220; hover_enabled=&#8220;0&#8243; text_text_color_tablet=&#8220;#FBFBF3&#8243; text_text_color_phone=&#8220;#FBFBF3&#8243; text_text_color_last_edited=&#8220;on|desktop&#8220; global_colors_info=&#8220;{}&#8220; sticky_enabled=&#8220;0&#8243;]<\/p>\n<p><b>Kunde:<\/b><span style=\"font-weight: 400;\"> \u00d6ffentliche Kulturstiftung<\/span><\/p>\n<p><b>Leistung:<\/b><span style=\"font-weight: 400;\"> Recherche und Briefing<\/span><\/p>\n<p><b>Land:<\/b><span style=\"font-weight: 400;\"> Deutschland<\/span><\/p>\n<p><b>Jahr:<\/b><span style=\"font-weight: 400;\"> 2024<\/span><\/p>\n<p>[\/et_pb_text][\/et_pb_column][et_pb_column type=&#8220;3_5&#8243; _builder_version=&#8220;4.25.1&#8243; _module_preset=&#8220;default&#8220; global_colors_info=&#8220;{}&#8220;][et_pb_image src=&#8220;https:\/\/cca.international\/wp-content\/uploads\/2025\/07\/alternate-world-map-2-scaled-e1752235240235.png&#8220; title_text=&#8220;Unbenannt&#8220; force_fullwidth=&#8220;on&#8220; _builder_version=&#8220;4.27.4&#8243; _module_preset=&#8220;default&#8220; global_colors_info=&#8220;{}&#8220;][\/et_pb_image][\/et_pb_column][\/et_pb_row][\/et_pb_section][et_pb_section fb_built=&#8220;1&#8243; _builder_version=&#8220;4.27.2&#8243; _module_preset=&#8220;default&#8220; background_color=&#8220;#FBFBF3&#8243; background_color_tablet=&#8220;#161616&#8243; background_last_edited=&#8220;on|phone&#8220; background_enable_color_tablet=&#8220;on&#8220; global_colors_info=&#8220;{}&#8220;][et_pb_row _builder_version=&#8220;4.26.1&#8243; _module_preset=&#8220;default&#8220; width=&#8220;95%&#8220; max_width=&#8220;95%&#8220; border_width_top=&#8220;1px&#8220; global_colors_info=&#8220;{}&#8220;][et_pb_column type=&#8220;4_4&#8243; _builder_version=&#8220;4.26.1&#8243; _module_preset=&#8220;default&#8220; global_colors_info=&#8220;{}&#8220;][et_pb_text admin_label=&#8220;Text&#8220; _builder_version=&#8220;4.27.2&#8243; _module_preset=&#8220;default&#8220; text_text_color=&#8220;#161616&#8243; text_font_size=&#8220;1em&#8220; text_text_color_tablet=&#8220;#FBFBF3&#8243; text_text_color_phone=&#8220;#FBFBF3&#8243; text_text_color_last_edited=&#8220;on|desktop&#8220; global_colors_info=&#8220;{}&#8220;]<\/p>\n<p>more Projects<\/p>\n<p>[\/et_pb_text][brbl_smart_post_list show_topbar=&#8220;off&#8220; is_featured=&#8220;off&#8220; post_type=&#8220;project&#8220; exclude_posts=&#8220;2004&#8243; show_thumb=&#8220;off&#8220; show_author=&#8220;off&#8220; columns_count_tablet=&#8220;&#8220; columns_count_phone=&#8220;1&#8243; columns_count_last_edited=&#8220;on|phone&#8220; _builder_version=&#8220;4.27.2&#8243; _module_preset=&#8220;default&#8220; featured_title_font=&#8220;||||||||&#8220; title_font=&#8220;||||on||||&#8220; title_text_color=&#8220;#161616&#8243; title_font_size=&#8220;1em&#8220; title_line_height=&#8220;1.8em&#8220; featured_title_text_color_tablet=&#8220;#FBFBF3&#8243; featured_title_text_color_phone=&#8220;#FBFBF3&#8243; featured_title_text_color_last_edited=&#8220;on|tablet&#8220; title_text_color_tablet=&#8220;#FBFBF3&#8243; title_text_color_phone=&#8220;#FBFBF3&#8243; title_text_color_last_edited=&#8220;on|desktop&#8220; global_colors_info=&#8220;{}&#8220;][\/brbl_smart_post_list][\/et_pb_column][\/et_pb_row][\/et_pb_section]<\/p>\n","protected":false},"excerpt":{"rendered":"<p>Forschungsauftrag zu internationalen Wettbewerben zur interdisziplin\u00e4ren KlimaanpassungDie Kulturstiftung des Bundes beauftragte uns mit einer internationalen Studie zur Interdisziplinarit\u00e4t in Klimaanpassungsinitiativen. Wir untersuchten aktuelle und fr\u00fchere Ausschreibungen unter dem Gesichtspunkt der Interdisziplinarit\u00e4t, der Gemeinschaftsorientierung und der Beteiligung kultureller Akteure und verfassten ein Briefing mit Ideen f\u00fcr eine neue F\u00f6rderlinie der Stiftung.Kunde: \u00d6ffentliche Kulturstiftung Leistung: Recherche und [&hellip;]<\/p>\n","protected":false},"author":1,"featured_media":3131,"comment_status":"open","ping_status":"closed","template":"","meta":{"_et_pb_use_builder":"on","_et_pb_old_content":"","_et_gb_content_width":"","inline_featured_image":false,"footnotes":""},"project_category":[],"project_tag":[],"class_list":["post-3130","project","type-project","status-publish","has-post-thumbnail","hentry"],"_links":{"self":[{"href":"https:\/\/cca.international\/de\/wp-json\/wp\/v2\/project\/3130","targetHints":{"allow":["GET"]}}],"collection":[{"href":"https:\/\/cca.international\/de\/wp-json\/wp\/v2\/project"}],"about":[{"href":"https:\/\/cca.international\/de\/wp-json\/wp\/v2\/types\/project"}],"author":[{"embeddable":true,"href":"https:\/\/cca.international\/de\/wp-json\/wp\/v2\/users\/1"}],"replies":[{"embeddable":true,"href":"https:\/\/cca.international\/de\/wp-json\/wp\/v2\/comments?post=3130"}],"version-history":[{"count":4,"href":"https:\/\/cca.international\/de\/wp-json\/wp\/v2\/project\/3130\/revisions"}],"predecessor-version":[{"id":3137,"href":"https:\/\/cca.international\/de\/wp-json\/wp\/v2\/project\/3130\/revisions\/3137"}],"wp:featuredmedia":[{"embeddable":true,"href":"https:\/\/cca.international\/de\/wp-json\/wp\/v2\/media\/3131"}],"wp:attachment":[{"href":"https:\/\/cca.international\/de\/wp-json\/wp\/v2\/media?parent=3130"}],"wp:term":[{"taxonomy":"project_category","embeddable":true,"href":"https:\/\/cca.international\/de\/wp-json\/wp\/v2\/project_category?post=3130"},{"taxonomy":"project_tag","embeddable":true,"href":"https:\/\/cca.international\/de\/wp-json\/wp\/v2\/project_tag?post=3130"}],"curies":[{"name":"wp","href":"https:\/\/api.w.org\/{rel}","templated":true}]}}

Forschungsauftrag zu internationalen Wettbewerben zur interdisziplinären Klimaanpassung

<p>[et_pb_section fb_built=&#8220;1&#8243; _builder_version=&#8220;4.27.2&#8243; _module_preset=&#8220;default&#8220; background_color=&#8220;#FBFBF3&#8243; background_color_tablet=&#8220;#161616&#8243; background_last_edited=&#8220;on|tablet&#8220; background_enable_color_tablet=&#8220;on&#8220; global_colors_info=&#8220;{}&#8220;][et_pb_row _builder_version=&#8220;4.25.1&#8243; _module_preset=&#8220;default&#8220; width=&#8220;95%&#8220; width_tablet=&#8220;95%&#8220; width_phone=&#8220;95%&#8220; width_last_edited=&#8220;on|phone&#8220; max_width=&#8220;95%&#8220; global_colors_info=&#8220;{}&#8220;][et_pb_column type=&#8220;4_4&#8243; _builder_version=&#8220;4.25.1&#8243; _module_preset=&#8220;default&#8220; global_colors_info=&#8220;{}&#8220;][et_pb_text _builder_version=&#8220;4.27.5&#8243; _module_preset=&#8220;default&#8220; header_font=&#8220;|||on|||||&#8220; header_line_height=&#8220;1.4em&#8220; hover_enabled=&#8220;0&#8243; header_text_color_tablet=&#8220;#FBFBF3&#8243; header_text_color_phone=&#8220;#FBFBF3&#8243; header_text_color_last_edited=&#8220;on|tablet&#8220; global_colors_info=&#8220;{}&#8220; sticky_enabled=&#8220;0&#8243;]</p>
<h1><b>Forschungsauftrag zu internationalen Wettbewerben zur interdisziplinären Klimaanpassung</b></h1>
<p>[/et_pb_text][/et_pb_column][/et_pb_row][et_pb_row column_structure=&#8220;2_5,3_5&#8243; _builder_version=&#8220;4.25.1&#8243; _module_preset=&#8220;default&#8220; width=&#8220;95%&#8220; width_tablet=&#8220;95%&#8220; width_phone=&#8220;95%&#8220; width_last_edited=&#8220;on|phone&#8220; max_width=&#8220;95%&#8220; global_colors_info=&#8220;{}&#8220;][et_pb_column type=&#8220;2_5&#8243; _builder_version=&#8220;4.25.1&#8243; _module_preset=&#8220;default&#8220; custom_padding=&#8220;10px||||false|false&#8220; border_width_top=&#8220;1px&#8220; global_colors_info=&#8220;{}&#8220;][et_pb_button button_url=&#8220;https://www.kulturstiftung-des-bundes.de/en&#8220; url_new_window=&#8220;on&#8220; button_text=&#8220;Weblink&#8220; button_alignment=&#8220;left&#8220; _builder_version=&#8220;4.27.5&#8243; _module_preset=&#8220;default&#8220; custom_button=&#8220;on&#8220; button_text_size=&#8220;1.5em&#8220; button_text_color=&#8220;#3A3A3A&#8220; button_border_width=&#8220;0px&#8220; button_font=&#8220;||||on||||&#8220; button_icon=&#8220;&#x26;||divi||400&#8243; button_icon_placement=&#8220;left&#8220; custom_margin=&#8220;||||false|false&#8220; custom_padding=&#8220;||||false|false&#8220; hover_enabled=&#8220;0&#8243; button_text_size_tablet=&#8220;1.5em&#8220; button_text_size_phone=&#8220;1em&#8220; button_text_size_last_edited=&#8220;on|desktop&#8220; button_text_color_tablet=&#8220;#FBFBF3&#8243; button_text_color_phone=&#8220;#FBFBF3&#8243; button_text_color_last_edited=&#8220;on|phone&#8220; button_icon_color_tablet=&#8220;#FBFBF3&#8243; button_icon_color_phone=&#8220;#FBFBF3&#8243; button_icon_color_last_edited=&#8220;on|desktop&#8220; global_colors_info=&#8220;{}&#8220; button_bg_color__hover_enabled=&#8220;on|hover&#8220; button_bg_color__hover=&#8220;RGBA(255,255,255,0)&#8220; button_bg_enable_color__hover=&#8220;on&#8220; sticky_enabled=&#8220;0&#8243;][/et_pb_button][/et_pb_column][et_pb_column type=&#8220;3_5&#8243; _builder_version=&#8220;4.25.1&#8243; _module_preset=&#8220;default&#8220; custom_padding=&#8220;10px||||false|false&#8220; border_width_top=&#8220;1px&#8220; global_colors_info=&#8220;{}&#8220;][et_pb_text _builder_version=&#8220;4.27.5&#8243; _module_preset=&#8220;default&#8220; text_text_color=&#8220;#3A3A3A&#8220; text_font_size=&#8220;1em&#8220; text_line_height=&#8220;1.6em&#8220; hover_enabled=&#8220;0&#8243; text_text_color_tablet=&#8220;#FBFBF3&#8243; text_text_color_phone=&#8220;#FBFBF3&#8243; text_text_color_last_edited=&#8220;on|phone&#8220; global_colors_info=&#8220;{}&#8220; sticky_enabled=&#8220;0&#8243;]</p>
<p><span style="font-weight: 400;">Die Kulturstiftung des Bundes beauftragte uns mit einer internationalen Studie zur Interdisziplinarität in Klimaanpassungsinitiativen. Wir untersuchten aktuelle und frühere Ausschreibungen unter dem Gesichtspunkt der Interdisziplinarität, der Gemeinschaftsorientierung und der Beteiligung kultureller Akteure und verfassten ein Briefing mit Ideen für eine neue Förderlinie der Stiftung.</span></p>
<p>[/et_pb_text][/et_pb_column][/et_pb_row][et_pb_row column_structure=&#8220;2_5,3_5&#8243; _builder_version=&#8220;4.25.1&#8243; _module_preset=&#8220;default&#8220; width=&#8220;95%&#8220; width_tablet=&#8220;95%&#8220; width_phone=&#8220;95%&#8220; width_last_edited=&#8220;on|phone&#8220; max_width=&#8220;95%&#8220; global_colors_info=&#8220;{}&#8220;][et_pb_column type=&#8220;2_5&#8243; _builder_version=&#8220;4.25.1&#8243; _module_preset=&#8220;default&#8220; global_colors_info=&#8220;{}&#8220;][et_pb_text _builder_version=&#8220;4.27.5&#8243; _module_preset=&#8220;default&#8220; text_text_color=&#8220;#161616&#8243; text_font_size=&#8220;1em&#8220; text_line_height=&#8220;1.4em&#8220; hover_enabled=&#8220;0&#8243; text_text_color_tablet=&#8220;#FBFBF3&#8243; text_text_color_phone=&#8220;#FBFBF3&#8243; text_text_color_last_edited=&#8220;on|desktop&#8220; global_colors_info=&#8220;{}&#8220; sticky_enabled=&#8220;0&#8243;]</p>
<p><b>Kunde:</b><span style="font-weight: 400;"> Öffentliche Kulturstiftung</span></p>
<p><b>Leistung:</b><span style="font-weight: 400;"> Recherche und Briefing</span></p>
<p><b>Land:</b><span style="font-weight: 400;"> Deutschland</span></p>
<p><b>Jahr:</b><span style="font-weight: 400;"> 2024</span></p>
<p>[/et_pb_text][/et_pb_column][et_pb_column type=&#8220;3_5&#8243; _builder_version=&#8220;4.25.1&#8243; _module_preset=&#8220;default&#8220; global_colors_info=&#8220;{}&#8220;][et_pb_image src=&#8220;https://cca.international/wp-content/uploads/2025/07/alternate-world-map-2-scaled-e1752235240235.png&#8220; title_text=&#8220;Unbenannt&#8220; force_fullwidth=&#8220;on&#8220; _builder_version=&#8220;4.27.4&#8243; _module_preset=&#8220;default&#8220; global_colors_info=&#8220;{}&#8220;][/et_pb_image][/et_pb_column][/et_pb_row][/et_pb_section][et_pb_section fb_built=&#8220;1&#8243; _builder_version=&#8220;4.27.2&#8243; _module_preset=&#8220;default&#8220; background_color=&#8220;#FBFBF3&#8243; background_color_tablet=&#8220;#161616&#8243; background_last_edited=&#8220;on|phone&#8220; background_enable_color_tablet=&#8220;on&#8220; global_colors_info=&#8220;{}&#8220;][et_pb_row _builder_version=&#8220;4.26.1&#8243; _module_preset=&#8220;default&#8220; width=&#8220;95%&#8220; max_width=&#8220;95%&#8220; border_width_top=&#8220;1px&#8220; global_colors_info=&#8220;{}&#8220;][et_pb_column type=&#8220;4_4&#8243; _builder_version=&#8220;4.26.1&#8243; _module_preset=&#8220;default&#8220; global_colors_info=&#8220;{}&#8220;][et_pb_text admin_label=&#8220;Text&#8220; _builder_version=&#8220;4.27.2&#8243; _module_preset=&#8220;default&#8220; text_text_color=&#8220;#161616&#8243; text_font_size=&#8220;1em&#8220; text_text_color_tablet=&#8220;#FBFBF3&#8243; text_text_color_phone=&#8220;#FBFBF3&#8243; text_text_color_last_edited=&#8220;on|desktop&#8220; global_colors_info=&#8220;{}&#8220;]</p>
<p>more Projects</p>
<p>[/et_pb_text][brbl_smart_post_list show_topbar=&#8220;off&#8220; is_featured=&#8220;off&#8220; post_type=&#8220;project&#8220; exclude_posts=&#8220;2004&#8243; show_thumb=&#8220;off&#8220; show_author=&#8220;off&#8220; columns_count_tablet=&#8220;&#8220; columns_count_phone=&#8220;1&#8243; columns_count_last_edited=&#8220;on|phone&#8220; _builder_version=&#8220;4.27.2&#8243; _module_preset=&#8220;default&#8220; featured_title_font=&#8220;||||||||&#8220; title_font=&#8220;||||on||||&#8220; title_text_color=&#8220;#161616&#8243; title_font_size=&#8220;1em&#8220; title_line_height=&#8220;1.8em&#8220; featured_title_text_color_tablet=&#8220;#FBFBF3&#8243; featured_title_text_color_phone=&#8220;#FBFBF3&#8243; featured_title_text_color_last_edited=&#8220;on|tablet&#8220; title_text_color_tablet=&#8220;#FBFBF3&#8243; title_text_color_phone=&#8220;#FBFBF3&#8243; title_text_color_last_edited=&#8220;on|desktop&#8220; global_colors_info=&#8220;{}&#8220;][/brbl_smart_post_list][/et_pb_column][/et_pb_row][/et_pb_section]</p>

<p>Forschungsauftrag zu internationalen Wettbewerben zur interdisziplinären KlimaanpassungDie Kulturstiftung des Bundes beauftragte uns mit einer internationalen Studie zur Interdisziplinarität in Klimaanpassungsinitiativen. Wir untersuchten aktuelle und frühere Ausschreibungen unter dem Gesichtspunkt der Interdisziplinarität, der Gemeinschaftsorientierung und der Beteiligung kultureller Akteure und verfassten ein Briefing mit Ideen für eine neue Förderlinie der Stiftung.Kunde: Öffentliche Kulturstiftung Leistung: Recherche und [&hellip;]</p>
